 + 2*j + 32, 2*j - 37 = 3*g. Let d = j + o. Determine w(d).
2
Let n(o) = 48*o**2 - 25*o**2 - 24*o**2 - 24*o + 62 - 125. Calculate n(-21).
0
Let j(r) = r**2 - 6*r + 7. Suppose 3*n - n + 8 = -2*h, -4*n = -4*h + 16. Suppose 5*u - b - 22 = h, 3*b - 21 = -3*u + b. Determine j(u).
2
Let z(i) = 4*i**2 + 4*i + 9. Let v = -30 - -31. Let y(b) = -5*b**2 - 2*b + 2. Let c be y(v). Let j(w) = w**2 + w + 1. Let q(g) = c*j(g) + z(g). Give q(0).
4
Let v(j) = 4*j + 4. Let d be (-5)/(-6 - -1) + 318. Let l = -323 + d. Give v(l).
-12
Let j(h) = -3*h**3 + 3*h**2 - 4*h + 6. Let f = -376 + 380. Let l(n) = 5*n**3 - 7*n**2 + 7*n - 12. Let s(y) = f*l(y) + 7*j(y). What is s(-6)?
-42
Let q be (-23)/(-2) - (-4002)/(-276). Let j(b) = 5*b - 6. Let n(l) = -5*l + 7. Let p(z) = 6*j(z) + 5*n(z). Calculate p(q).
-16
Let v(b) = -b + b + b**2 + 3*b + 2. Let g(p) = -p - 6. Let k be g(-37). Suppose 14 = -9*x - k. Calculate v(x).
12
Let m(q) = -q**3 + 12*q**2 - 12*q + 26. Let d be m(11). Let a(k) = -2*k**2 + 25*k - 53. Let b(h) = h**2 - 13*h + 26. Let t(y) = 4*a(y) + 9*b(y). What is t(d)?
-8
Let l(i) = i**3 - 9*i**2 - 2*i + 9. Let y be (-2 - 75/(-35)) + (-2224)/(-14). Let x = -150 + y. Determine l(x).
-9
Suppose -w + 3*t = -5, -w + 5*t = 4*t - 3. Let a(k) = 5*k**w + k**3 + 5*k + 2*k - 2*k - 3 - k. Give a(-4).
-3
Suppose 12 = -4*s - 0. Let h be ((-513)/(-76))/(s*(-2)/(-16)). Let q be (-1 - -3 - 8)*(-9)/h. Let z(r) = -r - 2. Determine z(q).
1
Suppose 2 = f + 3. Let x(w) be the first derivative of 0*w - 1/3*w**3 - 3/4*w**4 - 175 + 0*w**2. Calculate x(f).
2
Let l(p) be the first derivative of 2*p**2 - 13*p + 2608. Give l(8).
19
Let a(t) = t**3 - 9*t**2 - 11*t + 12. Let s be a(10). Let p(l) = 7*l - 44 + l**3 + 20 + 17 - 2*l**2 - 6*l**s. Calculate p(7).
-7
Suppose -254*y + 56*y - 983 - 7 = 0. Let r(v) = -v**3 - 2*v**2 + 8*v. What is r(y)?
35
Let z(w) = 5*w**2 + 32*w - 10. Let l(n) = -26*n**2 - 155*n + 51. Let q(a) = -2*l(a) - 11*z(a). What is q(-14)?
8
Let g = 23164 - 23164. Let u(j) = -j**2 - 10*j + 47. Calculate u(g).
47
Let n be ((-6)/1)/(-2) + (-14 - -13). Let t(j) = -n*j**2 + 5570*j**3 - 5571*j**3 - 4*j + 7*j**2. Let z be 4 + 0 + 0 + 0. Give t(z).
0
Suppose -68 + 38 = -5*u. Let f(d) = 4 + 3 + u*d + 3*d - 4*d. Let t = -13 + 8. Calculate f(t).
-18
Let n(w) be the first derivative of 2*w**3/3 - 3*w**2 - 223*w - 220. Let i(c) be the first derivative of n(c). What is i(8)?
26
Suppose -3*w = 5*k - 29, 4*k - 2*k + 30 = 2*w. Suppose 20*x + w*x = 33. Let i(l) = 28*l. Give i(x).
28
Let y(v) = 21*v + 25*v + 24*v - 102*v + 33*v + 3. Let b(d) = -d + 7. Let g be b(7). What is y(g)?
3
Let n(p) = 14*p**3 + 14*p**2 - 9*p - 6. Let m be n(-1). Let x(h) = -1 + h**3 - 3*h - 2*h**3 + 2*h + 3*h**2. Give x(m).
-4
Let o(l) = 3*l - 1. Let j = -52 - -179. Let v = j + -125. Determine o(v).
5
Let v(a) be the third derivative of a**7/5040 - a**6/120 + 23*a**5/30 - 32*a**2. Let z(d) be the third derivative of v(d). What is z(10)?
4
Let s(c) = 114*c + 578. Let q be s(-5). Let g(x) = 4*x - 18. Calculate g(q).
14
Let l(o) be the second derivative of -13 - 11/6*o**3 + o - 2/3*o**4 + 1/20*o**5 + 0*o**2. Calculate l(9).
-18
Let u(q) be the first derivative of q**3/3 - 9*q - 3. Suppose -5*f = -5*w - 20, 5*f + 16 = -w + 18. Suppose -1 = -a + 3*n - 2*n, 0 = -n - f. What is u(a)?
-9
Let w(q) = -q**3 - 2*q**2 + 2*q - 2. Let a = -83 - -77. Let v(r) = r**3 + 4*r**2 - 13*r - 4. Let u be v(a). What is w(u)?
-14
Let y(u) = u**2 + 6*u. Let i = 173 + -168. Suppose 0 = 2*n + 5*k + 11, -4*k = i*n + 43 - 7. Calculate y(n).
16
Let p(g) be the first derivative of -g**4/4 - 8*g**3/3 - 5*g + 1. Let o = -11 - -80. Let m = o + -77. What is p(m)?
-5
Let l(i) = i**2 + 11*i + 6. Let o be (8 - (-11)/((-22)/21))*2. Give l(o).
-24
Let b(z) be the first derivative of 3*z**2/2 + 55*z - 2872. Calculate b(-9).
28
Let o = -67 - -67. Suppose o = 273*y - 267*y. Let s(n) = n - 5. Give s(y).
-5
Let s(u) = 3*u**2 - 62*u + 8. Let b(z) = z**2 - 39*z + 9. Let i(p) = 3*b(p) - 2*s(p). Determine i(4).
-9
Let y(j) be the first derivative of 0*j + 22*j + 10*j - 290 - j - 2*j**2. Calculate y(7).
3
Let k(f) = f**3 + 6*f**2 - 7*f - 6. Let y(r) = -r**2 + 28*r + 79. Let x(a) = a - 1. Let u(n) = -4*x(n) - y(n). Let b be u(34). Calculate k(b).
-6
Let t(f) = 2*f**2 + 36*f - 182. Let k be t(-22). Let g(s) = -2*s**2 - 10*s + 19. Calculate g(k).
7
Let q be 29 + 12/(4 - 1). Let v = q - 31. Let n(l) = 0*l**v + 2 - 4*l**2 - 1 + l**3 + 2*l**2 - l. Give n(1).
-1
Let r(h) be the first derivative of -h**3/3 + h**2/2 + h + 17741. Suppose 0 = -d - m - 3, 2*m + 2*m + 12 = 3*d. Determine r(d).
1
Let t(p) be the third derivative of -p**5/60 - p**4/4 - 5*p**3/6 + 1149*p**2. Give t(-6).
-5
Let b(w) be the first derivative of -7*w**2/2 + w + 8721. Let v be 1/3 + 172/6. Suppose 4*z + v = 9, 3*z = 3*x - 12. Determine b(x).
8
Let z(n) = -12*n + 105. Let m(x) = 2*x - 21. Let p(b) = 21*m(b) + 4*z(b). What is p(-4)?
3
Let g(s) = -2*s. Let a(j) = -11*j + 38. Let v(t) = 6*t - 20. Let z(y) = 3*a(y) + 5*v(y). Let q(n) = 3*g(n) - z(n). Give q(-10).
16
Let p = 266 + -203. Suppose -p*k + 56*k - 77 = 0. Let c(t) = t**2 + 11*t. Give c(k).
0
Suppose -24 = 5*w - 149*s + 150*s, -42 = 2*w + 4*s. Let t(z) = z**2 + 3*z - 13. What is t(w)?
-13
Let q(x) = -4*x - 13. Suppose -5*k = -4*l - 6*k - 29, -3*l + 4*k - 17 = 0. Calculate q(l).
15
Let g(z) be the first derivative of -z**4/2 - 8*z**3 - 27*z**2/2 - 22*z + 3408. Determine g(-11).
33
Suppose 216 - 48 = 3*n. Let h = n - 52. Let c(w) = w - 5. Let r(d) = -2. Let m(o) = 6*c(o) - 17*r(o). Calculate m(h).
28
Let g(p) be the second derivative of 2*p**5/5 + p**4/12 - 2*p**3/3 - 750*p. Determine g(-2).
-52
Let h(m) = -5*m - 134. Let n(s) = 14*s + 271. Let j(p) = 5*h(p) + 2*n(p). Calculate j(38).
-14
Let t(z) be the first derivative of -z**4/4 + 7*z**3/3 - 7*z**2/2 + 9*z - 4. Let f = 55 - 20. Suppose -84 = -f*g + 21*g. What is t(g)?
3
Let r(m) = 1140*m**3 + 9*m**2 - 2354*m**3 - 44 + 1213*m**3 - 9*m. Determine r(7).
-9
Suppose 12 = 2*i + 6*f, -21*i - 5*f + 38 = -17*i. Let h(y) = -3*y**2 + 28*y + 11. What is h(i)?
-85
Let h be (-299)/460 + 8/10*20/24. Let a(r) be the third derivative of 1/24*r**4 + 0 + 8*r**2 - h*r**5 - 2/3*r**3 + 0*r. Calculate a(3).
-10
Let b(n) = -76*n. Let m(t) = -3417*t. Let d(i) = -134*b(i) + 3*m(i). Give d(-1).
67
Let i(r) = -500 - r - 635 + 1131. Let t be (7 - -3)*(-2)/(-2). Let j(x) = -x**3 + 10*x**2 - 2*x + 15. Let q be j(t). What is i(q)?
1
Let f be 3/((7 - 4) + -4). Let j(n) be the third derivative of n**7/5040 + 7*n**6/720 + n**5/6 + n**2. Let i(h) be the third derivative of j(h). Calculate i(f).
4
Let l(y) = -2*y**3 - 80*y**2 + 2*y + 86. Let g be l(-40). Let k(f) = 9*f + 19. Let j(c) = -2*c - 1. Let m(n) = 5*j(n) + k(n). Give m(g).
8
Let q(m) = -m**2 - 4*m + 3. Let o(x) = -x**3 + 18*x**2 + 13*x + 126. Let f be o(19). Suppose 11*u = 8*u + f, 4*k + 4*u = 0. Determine q(k).
3
Let p(w) be the third derivative of 0*w - 136*w**2 + 1/6*w**5 + 1/12*w**4 + 0 + 1/3*w**3. Calculate p(-1).
10
Suppose 80*b + 4727 = 109*b. Let l(h) = 54*h + 56*h + 70*h - b*h. Suppose 0*d - 5*m - 21 = -4*d, 3*m = 5*d - 10. Calculate l(d).
-17
Let v(q) = 7*q**2 - 10*q - 22. Let b(d) = -10*d**2 + 12*d + 23. Let i(h) = -2*b(h) - 3*v(h). Calculate i(9).
-7
Let w(i) = -17*i**3 - 34*i**2 - 70*i - 12. Let p(u) = -10*u**3 - 21*u**2 - 42*u - 7. Let t(o) = 12*p(o) - 7*w(o). Give t(-13).
13
Let x = -1937 - -1988. Let t(b) = 7*b - 352. Determine t(x).
5
Let x(z) = 11*z. Let k be -50 - -71 - (-1)/((-51)/24 + 2). Determine x(k).
143
Suppose 0 = -k - 3, -m - 4*k - 11 = -2*m. Let h(b) be the third derivative of b**4/24 - b**3/6 + 1891*b**2. What is h(m)?
-2
Let d = -23551 - -23543. Let y(r) = -r**2 + r + 73. Determine y(d).
1
Let d(b) = -365*b - 107. Let j(w) = 854*w + 213. Let l(s) = 7*d(s) + 3*j(s). Determine l(16).
2
Let v(m) be the third derivative of -m**6/120 + m**5/30 - m**4/6 - m**3 + 4*m**2. Let n be v(-3). Let k = 50 - n. Let j(o) = 27*o**3 + 2*o**2 + o. What is j(k)?
-26
Let w(z) = 13*z**3 - 47*z**3 + 21*z + 35*z**3 + 37 + 9*z**2. Give w(-7).
-12
Suppose 2 = 4*r - g - 7, -g = -r + 6. Let l = -254 - -256. Suppose f - c = -2 - r, l*f + 6 = -4*c. Let p(w) = w. What is p(f)?
-3
Let r(b) = -b**2 + 9*b + 44. Suppose -300 = -3323*f + 3298*f. What is r(f)?
8
Let u(d) = d**2 - 8*d + 